o. What is g(-2)?
-14
Let m(y) = -2*y + 4. Let x be m(4). Let f(p) = -p - 12. Let n(k) = -2*k - 29. Let l(q) = 15*f(q) - 6*n(q). Calculate l(x).
6
Let c(g) = g**3 - 5*g**2 + 3*g - 1. Let t = 15 + -8. Suppose -h = l - 2, 2*h + 28 = 7*h - l. Suppose -t = -4*j + h. Give c(j).
-10
Let b(h) = 5*h + 1. Let m be 12/3 - (4 + -3). Suppose -3*i = 0, -4*i = -m*l + 4*l + 3. Determine b(l).
-14
Let s(t) be the third derivative of -t**5/30 - t**3/2 + 7*t**2. Let c(l) be the first derivative of s(l). Give c(-2).
8
Let b(l) = l - 2. Let u(d) = -2*d**2 - 2*d - 1. Let o be u(-2). Let f be ((-10)/(-15))/(((-10)/12)/o). Determine b(f).
2
Let i(b) = b**2 + b + 3. Let h(a) = 2*a**2 + 12*a + 19. Let o be h(-6). Let u = o - 19. Give i(u).
3
Let l(w) be the second derivative of 0 - 22*w - 1/3*w**3 - 2*w**2. Determine l(-4).
4
Let p(u) = -5*u**2 + 2*u + 3. Let h(t) = -t**2. Let l(j) = -4*h(j) + p(j). Let v be -2 + -2 + 2 + -1. Let d be (3 + v - -3) + 1. Give l(d).
-5
Let v(k) = -k - 5. Suppose 7*x + 32 = 3*x. Let o be v(x). Let b(p) = 4*p**2 + 7*p - 3*p + p**o - 5*p. Determine b(-2).
10
Let u(l) = -5*l. Let r = 30 - 29. Suppose h = -0*h - r. Calculate u(h).
5
Let r(u) = 8*u - 1753*u**2 - 2*u + 1754*u**2. Determine r(-7).
7
Suppose -w + 3*l = -10, -w - 2*l = 3*l + 14. Suppose 0 = 2*z - 3*z - w. Let k(c) = 6*c**3 - 1. Calculate k(z).
-7
Let o(c) = c - 8. Let n(b) = 5 + b - 11 + 0*b + b**2. Let m be -1*(1 + (-4 - -7)). Let y be n(m). What is o(y)?
-2
Let z(y) = 30*y**2 + 2*y - 1. Let x(c) = 31*c**2 + c - 1. Let r(h) = -4*x(h) + 3*z(h). Calculate r(-1).
-35
Suppose 4*v - 12*v + 56 = 0. Let y(l) = 6*l + v - l**3 - 5*l**2 - 2 - 2*l. Calculate y(-5).
-15
Let h(u) = u**3 - 5*u**2 - 9*u + 9. Suppose 5*x + 4*b - 72 = 0, -5*x - 2*b + 76 = -0*x. Suppose -3*j + 2 = -x. Determine h(j).
-9
Let t(k) = -11*k - 132. Let q(b) = -6. Let l(d) = -22*q(d) + t(d). Determine l(-5).
55
Let k be (2 - 8)/(-1*(-3)/(-69)). Let v(q) = -k*q + 11 + 74*q + 66*q. Determine v(-10).
-9
Let o(b) = -b**3 + 5*b**2 + 4*b + 4. Let z be 54*((-98)/(-42) - (3 - 1)). Let r(i) = -i**2 + 4*i + 1. Let k be r(3). Let j be z*(33/(-9) + k). What is o(j)?
-8
Let v(d) = -d**2 - 3*d + 5. Let a be v(6). Let w = a - -53. Let c(k) = k**2 - 5*k - 1. Determine c(w).
-5
Let q = 39 + -37. Let y(v) = q*v + 36*v**2 - 64*v**2 + 30*v**2 - 5*v**3 + 1. Let j = 2 + -3. Give y(j).
6
Let b(n) = n**2 + 3*n + 4. Suppose -w + i + 2 = 0, -4*w - 4*i + 8 = -16. Suppose -y = 5*u - 0*y + 11, 5*u = -w*y + 1. Determine b(u).
4
Let i(c) be the second derivative of c**5/20 - c**4/3 + c**3/2 + 5*c**2/2 - 2*c + 5. Determine i(4).
17
Let r = 481 - 491. Let n(k) = k**2 + 11*k + 9. Determine n(r).
-1
Let j(o) = o**2 + 12*o - 13. Let f be -2 + (-12 - -4) - 1*4. Calculate j(f).
15
Let a(s) = -s**2 - 8*s - 13. Let v be a(-5). Let r(k) = -v*k + 4*k + 55 - 56 - 22*k**2. Give r(1).
-21
Let f be (9/5)/((-108)/180). Let b(d) = d**2 + 4*d - 1. Give b(f).
-4
Let j(f) = f**2 - 8*f - 34. Let x(m) = -m**2 - 9*m + 81. Let t be x(-14). What is j(t)?
-1
Let n be (-58)/(-16) + 8/64*3. Let a(m) be the first derivative of 1/4*m**4 - 3/2*m**2 + 2/3*m**3 + n*m + 4. Determine a(-3).
4
Let r(u) = -3*u - 28*u**2 + 36*u**2 + 1 + 5*u**3 - 7*u**2. Give r(2).
39
Let h(y) be the third derivative of y**4/24 - 5*y**3/6 - 2*y**2. Suppose 4*f - 3*t = 2 + 17, -4*f + 5*t + 21 = 0. Calculate h(f).
-1
Let p(f) = f**2 + 7*f - 27. Let g(o) = -o**2 - o + 8. Let k(i) = -2*g(i) - p(i). Determine k(4).
7
Let h(f) = -20*f - f**3 - 7 - 11*f + 4*f**2 + 53*f - 17*f. Suppose 3*x = -2*o + 40, 2 = -3*o + 8. Suppose -3*t - g + x = -0*g, 4*g + 12 = 0. Calculate h(t).
-7
Let n(u) = u + 12. Let d be 2 + -9 - (12 - 8). What is n(d)?
1
Let i be (15/3 + -7)*5*2. Let n be 3 + 4/(i/25). Let r(x) = -x**3 - 2*x**2 + x + 1. What is r(n)?
-1
Let k(d) = 3*d**2 - 6*d - 3. Let a(s) = 2*s**2 - 5*s - 2. Let u(g) = 4*a(g) - 3*k(g). What is u(0)?
1
Let y(g) = g**2 - 12*g - 13. Suppose 5*s - 44 = -4*c, 4*s - 2*c - 3*c = 68. Calculate y(s).
-13
Let q(p) = 5*p**3 + 10*p**2 + 5*p + 7. Let u(d) = -4*d**3 - 9*d**2 - 5*d - 7. Let s(h) = 3*q(h) + 4*u(h). Let z = -367 - -362. Determine s(z).
-7
Let y(h) = 2*h + 1 + 2 + 1. Suppose 0 = -3*w - 4*o - 11, -1 = -w - 2*o - 6. Let p be -6 + w + 15/5. Calculate y(p).
-4
Let q(i) = i**3 + 15*i**2 + 13*i - 10. Let l be q(-14). Suppose -z + l - 1 = 0. Let w(o) = 30*o**2 + 2 - 1 - o**z + 0 - 28*o**2. Give w(3).
-8
Let k(f) = 9*f + 11. Let o(t) = -4*t - 6. Suppose -5*r - 2*p - 96 = 0, 3*r + r - 2*p = -84. Let m = r - -15. Let x(i) = m*o(i) - 2*k(i). What is x(-7)?
-6
Let p = -93 - -97. Suppose f = -4*y - 1, -p*y - y = -4*f + 38. Let g(v) = v**3 - 8*v**2 + 8*v. What is g(f)?
7
Let c(r) be the first derivative of 2*r**3/3 - 5*r**2/2 + 3*r - 701. Suppose 3*u - 6 = u. What is c(u)?
6
Let f(v) = v**3 + 5*v**2 + 6*v + 2. Let r be -39*4/8*(0 - 2). Let w = r - 43. Calculate f(w).
-6
Suppose -4*r = r - 20. Let o(h) = -2*h + r + 7 - 3. Let k(s) = s**3 + 18*s**2 - 178*s - 69. Let n be k(-25). Give o(n).
-4
Suppose -2*o - 10 = 0, -5*t - 2*o = -o + 5. Let j be (-1 - 1 - t)*-2. Let f(q) = 19*q + 6. Let r(l) = 52*l + 16. Let g(k) = 11*f(k) - 4*r(k). Give g(j).
6
Suppose -64 = -6*r + 92. Suppose 0 = 3*q - 4 - 2, 2*q + r = -5*k. Let h = k - -5. Let m(b) = 8*b**2 - 1. Give m(h).
7
Suppose -4*o = q + 73, 0*q + 3*q - 3*o = -294. Let h = q + 96. Let c(g) = -g**3 + 3*g**2 + 3. Give c(h).
3
Let l(i) = 6*i - 13. Suppose -5*a - 2*g = -28, 0 = -4*a - 105*g + 106*g + 25. Give l(a).
23
Let z(k) = 128 - 131 - 5*k**2 - k**3 + 6*k**2. Suppose 11 = -c + 4*c - 2*j, 5*c - 2*j - 21 = 0. Suppose c*m = 6*m. Determine z(m).
-3
Let g = -4 - -8. Let u be ((-25)/(-3) - (-3)/(-9)) + -2. Let k(f) = -10 - 5 + 0*f + u + f. What is k(g)?
-5
Let d(y) = y**2 + 1. Let j = -162 + 164. Determine d(j).
5
Let h(w) = 1 + 3 - 7 - 6*w + 2 - 3. Determine h(-3).
14
Suppose -3*w = -5*u - 0*w - 21, -w + 15 = -3*u. Let d be (7 - 7)*(-3)/u. Let l(k) = k**3 + k + 13. Give l(d).
13
Let d(o) = 5*o**3 + 2*o**2 - 23*o - 19. Let q(h) = 11*h**3 + 2*h**2 - 48*h - 38. Let u(g) = -13*d(g) + 6*q(g). Calculate u(13).
-7
Let f(a) be the first derivative of -1/60*a**5 + 6 - a**3 + 0*a + 5/2*a**2 + 5/24*a**4. Let l(b) be the second derivative of f(b). What is l(5)?
-6
Let l(f) be the first derivative of f**7/420 + f**6/180 - f**5/40 + f**4/8 - 2*f**3 + 19. Let z(b) be the third derivative of l(b). What is z(2)?
21
Let a(h) = 2*h - 10. Let y(w) = -3*w**3 + 18*w**2 - 20*w - 44. Let m(j) = j**3 - 6*j**2 + 7*j + 15. Let l(p) = -8*m(p) - 3*y(p). Let n be l(5). Determine a(n).
4
Let b(o) be the third derivative of -o**5/60 + o**4/12 + 2*o**3/3 + 7*o**2 - 15. What is b(3)?
1
Let x(m) = -m - 7. Suppose 0 = 5*s - 5*y + 5, 2*s + 5 = 3*s + 2*y. Suppose -3*z + 4 = -2. Suppose z*d = -s - 5, -t + 4*d + 6 = 0. Give x(t).
-1
Let i(d) = 26*d - 472. Let n be i(18). Let o(g) = 14*g**2 + 14*g + 5. Let x(y) = 5*y**2 + 5*y + 2. Let p(w) = 4*o(w) - 11*x(w). What is p(n)?
10
Let p be ((-35)/(-42))/((-125)/30 - -4). Let w(j) = -j**3 - 4*j**2 + 7*j + 12. What is w(p)?
2
Let f(l) be the second derivative of l**4/24 + l**3/6 - 3*l**2/2 - l. Let k(p) be the first derivative of f(p). Suppose -3*t + 0 - 12 = 0. Calculate k(t).
-3
Let t(f) = f**2 - 6*f. Let m(x) = -x**3 - 4*x**2 + x - 17. Let o be m(-5). Suppose 6*d - 2*d - 18 = 3*g, -o*d = 3*g - 24. Give t(d).
0
Let v(k) = 9*k**3 + 4*k**2 - k - 5. Let a(r) = -20*r**3 - 9*r**2 + 3*r + 12. Let d(w) = -2*a(w) - 5*v(w). Give d(2).
-49
Suppose -11*c = -4*c. Let n(s) = 0 - s**2 + c + 7*s - 7. Let r be (-1 + 5)/((-6)/(-9)). What is n(r)?
-1
Let w(y) be the second derivative of y**4/3 - 2*y**3/3 + y**2 + 2*y + 369. Calculate w(2).
10
Let l(j) be the third derivative of j**4/24 + 13*j**3/6 + 3*j**2. Let x = -25 + 16. Calculate l(x).
4
Let p(s) be the second derivative of 0 + 5*s + 1/12*s**4 - 1/6*s**3 + 0*s**2. Determine p(-2).
6
Let d = 1 - 0. Let h = 2 + -2. Let j = h + d. Let c(l) = 2*l**3 + l**2 - 1. Determine c(j).
2
Let n(x) = -x - 8. Let h be 18/(-12)*6/(-9). Let f be (h - 0)/((-3)/15). What is n(f)?
-3
Let x(t) be the first derivative of 2*t - 1/2*t**3 + 2*t**2 + 2. Let c(n) be the first derivative of x(n). What is c(4)?
-8
Let m(j) = -j**2 + 7*j - 4. Let l = 51 - 22. Let f = 18 - l. Let b be (-476)/(-77) - (-2)/f. Determine m(b).
2
Let o(q) = 14*q